. What is the highest common divisor of q and 22?
22
Let p = -1251 - -1259. What is the greatest common factor of 1208 and p?
8
Suppose 2 = 3*d - 1. Suppose -20 + 9 = -h - q, -5*q + d = -4*h. Let f be (h - 0) + 0/(-3). What is the greatest common divisor of f and 12?
6
Let v(r) = -2*r**3 + 22*r**2 + 18. Let o be v(11). Calculate the highest common factor of 96 and o.
6
Let k(v) = -v + 11. Let t be k(6). Let o be (-12)/t*(-40)/12. Calculate the highest common divisor of 1 and o.
1
Let m be (456/(-2))/(-2)*393/262. What is the highest common divisor of m and 285?
57
Suppose -o - o = 4*m - 28, -5*o = m - 34. Suppose 0 = -4*f - 2 + o. Let u be (2 + 2 + 13)/f. What is the highest common divisor of 136 and u?
17
Let l be (-1507)/(-55) + 2/(-5). Suppose -5*r - 8 - 4 = -t, 51 = 2*t - r. What is the highest common divisor of t and l?
27
Let o(y) = y - 4. Let a be o(6). Suppose -4*f - 4*d = -44, 2*f + 11*d - 16*d = 1. Calculate the highest common divisor of f and a.
2
Suppose -4*r + 12 = -80. Suppose -7*q = -q. Suppose 9 + 572 = 5*u - 3*x, q = 3*x + 6. What is the greatest common factor of u and r?
23
Suppose -3*v + 36 = 3*s, 3*s - 60 = -8*v + 3*v. What is the highest common factor of v and 128?
4
Let f = -13 - -15. Suppose -f*y + g - 7 = 0, -3*y + 4*g - 16 = -7*y. Let h be (-2)/(y/1) - -1. Calculate the greatest common divisor of h and 33.
3
Let l = -11 + 14. Let h(r) = -r**2 - 3*r + 6. Let a be h(l). Let k = a - -21. Calculate the highest common divisor of k and 9.
9
Suppose -12 = -15*q + 3*q. What is the highest common factor of 5 and q?
1
Let z(d) = -d**2 + 6*d - 4. Let j be z(6). Let l be j*((-15)/6 + 6/12). What is the greatest common divisor of l and 88?
8
Suppose -37 + 17 = -5*l. Suppose -l*z + 5*d + 65 = 0, -6*d = -2*d + 20. Calculate the highest common divisor of z and 70.
10
Let z = 814 - 33. Calculate the highest common divisor of 284 and z.
71
Suppose -5*t - 3*y + 3240 = 0, 3*t = -t + 3*y + 2592. What is the highest common factor of 96 and t?
24
Let b be 5/((-30)/(-28))*(-366)/(-427). Let m = 52 - 16. What is the greatest common divisor of b and m?
4
Let q = 21 + 12. Let l = -1 - -8. Suppose q = 10*y - l*y. What is the highest common divisor of y and 99?
11
Let i(s) = -13*s - 6. Let a be i(-3). What is the highest common factor of 3 and a?
3
Suppose -4*j + 55 + 17 = 0. Calculate the greatest common factor of 144 and j.
18
Let p = 1045 + -526. Calculate the greatest common factor of p and 3.
3
Suppose 96 = 3*g - 186. Suppose 4*x + h - 372 = 0, -h - g = -3*x + 178. What is the greatest common divisor of 4 and x?
4
Let j(g) = g**2 + 88*g + 1227. Let v be j(-17). Suppose -144 = -2*w + w + 4*i, 5*w - i = 701. What is the highest common divisor of v and w?
20
Let w = 50 + -48. Suppose 0 = a - 5*a - u + 10, 0 = a + w*u - 6. Suppose 5*n + 97 = 4*y, -2*y - n - n + 26 = 0. What is the highest common factor of a and y?
2
Let x = 31 + -29. Suppose -8*w + 20 = a - 5*w, 0 = x*a - w - 5. Calculate the greatest common divisor of 2 and a.
1
Suppose 4*w - w - x - 187 = 0, -2*x = -4. Let z = 93 + -50. Suppose -2*t + 3*c + 24 = 0, -5*t - 4 = 3*c - z. Calculate the highest common factor of w and t.
9
Let z be 10416/620*10/4. What is the highest common factor of z and 30?
6
Suppose -3*t + 4*y = -7*t + 208, -268 = -5*t - 3*y. What is the greatest common divisor of t and 64?
8
Let n(t) = 4*t**2 - 4*t. Let y be n(-3). Let d be 3/((-6)/(-26)) - 1. Calculate the greatest common factor of y and d.
12
Suppose 3*q - 60 = 3*v - 2*v, 0 = 4*q + 4*v - 64. Let c = 111 - 73. What is the greatest common factor of q and c?
19
Let h be 28/70 + 48/5. Suppose t + 4*w + w + 7 = 0, -h = 5*w. Let m be (0 + 0)/(-1) + 15. What is the highest common divisor of m and t?
3
Let f = -151 + 175. What is the highest common divisor of f and 768?
24
Suppose 132*k = 146*k - 126. Calculate the highest common factor of k and 333.
9
Let l be (31 - -2) + 0/9. Calculate the greatest common factor of l and 3.
3
Suppose -66 = 2*o + 9*o. Let y be 6/4*((-16)/o)/1. Calculate the greatest common factor of y and 32.
4
Let x = -24 + 28. Let o be -6*(x + 32/(-6)). Calculate the greatest common factor of 8 and o.
8
Let q(z) = -z**3 + 10*z**2 + 2*z + 6. Let r be q(9). Let n = 2466 - 2424. Calculate the highest common divisor of r and n.
21
Suppose 8*c - 4*c = 5*g - 192, 4*g = -c + 141. What is the greatest common divisor of 2 and g?
2
Let p(y) = 2*y**3 + 10*y**2 + 2*y + 6. Let q be p(-4). What is the greatest common factor of 60 and q?
30
Suppose -9 = 3*t - 27. Suppose -t*z = -4*z - 20. Calculate the highest common divisor of z and 70.
10
Suppose 0 = -2*n + n - 5*q - 17, n = -q + 3. Suppose -12 = 5*g - n*g. Calculate the highest common divisor of 6 and g.
2
Let f(d) = d**3 - 11*d**2 - 7*d - 18. Let w be f(12). What is the greatest common factor of 14 and w?
14
Let z be (-6*(-6 - -7))/(-3 - 0). Suppose v = 4*w - 109, z*w = w + 3*v + 30. Calculate the greatest common factor of 297 and w.
27
Let b = -105 - -141. Calculate the highest common factor of b and 288.
36
Let x = 1688 - 1682. Calculate the greatest common divisor of x and 102.
6
Let k = 40 + -29. Let n = k + 0. Suppose -2*d + n = -13. What is the highest common divisor of d and 60?
12
Let r = 36 - 35. Let j = r + 1. Calculate the highest common divisor of 3 and j.
1
Let m be (-36)/(-15) - (-12)/(-30). Suppose 3*n - 85 = -m*n. Calculate the highest common divisor of n and 136.
17
Let y be 10/8*-2*(-40)/4. Suppose -4*t - 2 = -5*m - 37, -2*t - 5*m = -y. What is the greatest common divisor of 5 and t?
5
Suppose -n - 182 = -3*z, -3*n - 38 = 2*z - 152. Suppose -14*t - z = -17*t. Calculate the highest common divisor of 8 and t.
4
Let b be 1241/3 - (-67)/201. Calculate the greatest common factor of 18 and b.
18
Let r(m) be the third derivative of m**5/60 + 13*m**4/24 - 4*m**3/3 - 5*m**2. Let z be r(-14). What is the greatest common factor of z and 6?
6
Suppose 12*j = -1321 - 39575. Let q be j/(-27) - (-2)/(-9). Let z be 6/(-4)*(-28)/3. What is the highest common factor of q and z?
14
Let v be (0 - ((-24)/10 + 2))*2525. What is the greatest common divisor of 10 and v?
10
Let j(r) = -2*r**2 + 45*r. Let x be j(22). Suppose 2*d - 8 = 0, -d - 326 = -5*l - 0*d. Calculate the highest common divisor of l and x.
22
Let z(b) = 39*b - 8. Let x be z(2). Let r = -60 + x. Suppose m = -2*j - j + 93, 0 = -4*m - j + 361. What is the highest common divisor of m and r?
10
Let s(b) = -2*b**3 - 20*b**2 - 51*b + 23. Let c be s(-9). What is the greatest common divisor of 416 and c?
32
Suppose 0 = -6*d + 1815 + 4221. Let y be (-15)/(-135) + d/18. Calculate the greatest common factor of 28 and y.
28
Let y be ((-108)/(-45))/(4/90). Let f(k) = -3*k - 30. Let o be f(-13). Calculate the highest common factor of o and y.
9
Let u(h) = -h + 8. Let f be u(4). Let s be -3 + 6 + (3 - f). Calculate the highest common divisor of s and 8.
2
Let s = -16 + 9. Let p be 2 - 5 - 35/s. Let w = p - -5. What is the highest common divisor of w and 7?
7
Let h be (-1 - 2) + 1 + 8. Let n = 0 + 6. Let k = -3 + n. Calculate the greatest common divisor of k and h.
3
Let v = -22 + 48. Calculate the highest common divisor of v and 13.
13
Let l = 364 - 353. What is the greatest common factor of l and 66?
11
Let n = 6 - 4. Let l be -1 + 3 + n + 0. Suppose -4*p + 4*b = -120, -l*p - 6*b = -2*b - 136. Calculate the greatest common divisor of 48 and p.
16
Suppose -8100 = -5*s + 5*o, -3*s - 2270 = 2*o - 7110. Calculate the greatest common factor of s and 101.
101
Let k(l) = 2*l**2 + 14*l - 1. Let a be k(-7). Let w be (0 + -1)*1*a. What is the highest common divisor of 9 and w?
1
Let m be (-20)/25 - (-2)/(-10). Let s be 1/(2/(m + 61)). Let a = 57 + -51. Calculate the highest common factor of a and s.
6
Suppose -2*f - 3 = -1. Let l(v) = -16*v**3 + 2*v + 1. Let z be l(f). Let o(h) = 6*h - 30. Let y be o(6). Calculate the greatest common factor of y and z.
3
Let z be (-13762)/(-9) - (-13)/(-117). What is the greatest common factor of 11 and z?
11
Suppose 9*h - 8*h = 296. Suppose -5*c - 94 = -z, -4*c = -6*z + 2*z + h. Calculate the greatest common factor of z and 23.
23
Suppose -2*j + 164 = d, -4*j + 846 = 5*d - 7*j. Calculate the greatest common divisor of 126 and d.
42
Suppose l + 3*r = 3*l + 276, 4*l - 2*r = -536. Let z 